pose a*s - 4*q + 6352 = 4*s, -3*s + 4767 = 2*q. Is s a prime number?
False
Suppose 3*b = -0*b + 1809. Let i = -646 - -648. Suppose 0 = c + 5*d - b, -i*d + 1216 = 2*c + 3*d. Is c composite?
False
Suppose i - 23020 = -4*i. Suppose -7*c + i = -3*c. Let o = c - 240. Is o a prime number?
True
Let i(n) = n**2 + 5*n - 89. Let k be i(-13). Suppose -k*j = -6*j - 157671. Is j a prime number?
True
Let r = 8135 - 4990. Suppose 1832 = 4*o - p - r, -p = 2*o - 2487. Let m = o + -285. Is m composite?
True
Suppose 39*b - 7454436 - 2151459 = 0. Is b composite?
True
Let u(h) = 694*h + 54. Let a be u(6). Let y = a - 1291. Is y composite?
False
Let u(g) = -11*g - 54. Let t be u(6). Let a = t - -143. Is a a composite number?
False
Let z = -44 + 48. Let k be ((-48)/20)/((-5)/(14450/z)). Suppose 209 = -5*c + k. Is c a composite number?
True
Suppose -7 = 3*u + 3*q - 22, 0 = -4*u + 4*q + 4. Is (-13467)/(-6) + ((-9)/(-6) - u) composite?
False
Let i(f) = 1110*f**3 - 3*f**2 + 1. Let y be i(-1). Let r = y - -1991. Let a = 1405 - r. Is a a composite number?
True
Suppose 0 = 6*u - 0*u - 762. Let k = 182 - u. Is k a prime number?
False
Suppose 593*t - 483*t = 4963090. Is t composite?
False
Let n(t) be the second derivative of t**5/20 + 7*t**4/6 - 23*t**3/6 - 10*t**2 - 27*t. Let x be n(-15). Is (-2)/(-10) - 0 - (-12680)/x a prime number?
True
Let s(p) = -687*p + 295. Is s(-88) prime?
False
Let q(v) = -176778*v**3 + 41*v**2 + 47*v + 5. Is q(-1) a composite number?
False
Let l = 15 - 11. Suppose 0 = -f + 2*i - 3395, -22*i - 13615 = 4*f - 23*i. Is (-1)/4 - f/l prime?
False
Is 378972/20 + 840/(-525) a prime number?
True
Suppose -y = 2*y - 9. Suppose d + 0*d + v + 487 = 0, -4*d = -y*v + 1934. Let l = 318 - d. Is l a composite number?
True
Suppose -3*l + 19 = 5*r, -3*l + 0 + 5 = -2*r. Suppose -5*b - 10 = 0, 5*u = -20*b + 17*b + 17874. Suppose 2*f + u + 866 = r*n, f = 0. Is n a composite number?
False
Let h = -14248 + 28106. Suppose h = 6*j + 3748. Is j prime?
False
Is (28263 - -3 - -6) + (10 - 5) prime?
True
Let z(g) = -3*g**3 + 22*g**2 - 17*g - 5. Let t(d) = -d**3 - 1. Let a be (8/6)/(1/(-1 + -2)). Let f(c) = a*t(c) + z(c). Is f(-21) a prime number?
True
Let t = 67425 - -926. Is t a composite number?
False
Let u be (174/12)/((-1)/(-86)). Suppose -3*z + 0*z + 4*l + 739 = 0, -5*z - l = -u. Suppose z - 2413 = -4*q. Is q a composite number?
False
Let m(u) = 16*u**2 - 53*u + 16. Let r be -1*(-8 - -14)/((-2)/3). Is m(r) a prime number?
False
Suppose 37*g + 3*x = 32*g + 22867, 4*x = -4*g + 18284. Is g a composite number?
True
Is 262296/((-81)/(-9)) + 13 composite?
True
Is -3*((-1488)/(-126) + -12) - 1851915/(-21) prime?
False
Let o(j) = j**3 + 8*j**2 + 15*j - 5. Let s be o(-4). Is 5134 - (-1)/1*(-6 - s) prime?
False
Let w(c) = -51*c**3 + 4*c**2 - 3*c. Let y be w(1). Let n = y - -81. Suppose 0 = n*m - 29*m - 4574. Is m a composite number?
False
Suppose -5*x - o + 1424287 = 0, 102966 - 387815 = -x + 4*o. Is x a prime number?
True
Suppose -50*x + 2161433 + 1358949 + 6262068 = 0. Is x prime?
False
Suppose -5*x = 2*j - 560628, 118374 = j - 5*x - 161925. Is j a prime number?
False
Let s = 559981 + -121630. Is s a composite number?
True
Suppose -8*h + 3*o = -4*h - 1046, -4*h = 3*o - 1034. Let n = 509 - h. Is n composite?
True
Let k be (-185)/(-30) + (-1)/6. Is k/2 + (3 - -25) composite?
False
Suppose 0 = 2*q - 26*q + 19*q + 1022545. Is q prime?
True
Suppose l + 2*l - 405 = 0. Let n = 54 - l. Let h = n + 266. Is h a prime number?
False
Suppose -26 = -2*g - 3*j, 3*g + 19 = 4*g + 3*j. Suppose -3*u - g*m + 129017 = -5*m, -5*m = -20. Is u prime?
True
Suppose -71*r + 139*r - 71*r + 134781 = 0. Is r composite?
False
Let j(y) = -6*y**3 + 36*y**2 - 106*y + 15. Is j(-37) a prime number?
True
Suppose 33648 = 3*u - 263490. Is u composite?
True
Suppose -15 - 19 = 2*y. Let a(v) = v**3 + 10*v**2 - 10*v + 10. Let r be a(y). Let i = r - -2729. Is i prime?
False
Suppose -4*v - 23 = -v + 4*w, v + 2*w = -11. Let d = -1901 + -736. Is v*(2 + d/3) composite?
False
Suppose 237455 = 4462*p - 4457*p. Is p a composite number?
False
Suppose -3*x - 20 = -2*k, x + 24 = 3*k - 2*x. Suppose -k*a + j = 4*j - 25313, -a = -3*j - 6317. Is a a prime number?
False
Suppose 2*i - i = 4, -5*i = 5*g - 15. Let k be (-2)/(234/231 + g). Let a = k - -365. Is a composite?
False
Let v(l) = 11022*l - 31. Suppose -2*h = 2*f - 4, -4*f + 2*h + 12 + 8 = 0. Is v(f) composite?
True
Suppose -5531 - 2293 = -16*h. Let m(n) = -20*n. Let i be m(1). Is i/5 + 8 + h a prime number?
False
Let p be 0 + 5/2 + (-3)/6. Let s be (-15601)/(-7) + p/7. Suppose -494 = -4*b - 5*n + s, -n + 3 = 0. Is b prime?
True
Let c(r) = 59*r**3 + 10*r**2 + 58*r - 270. Is c(21) a composite number?
True
Suppose 0 = w - 2*z - 8, w = z + 10 - 4. Let r be -4 - 94/w*26. Is 2/(r/(-609) + -1) a composite number?
True
Suppose -167*x = -143*x - 2378832. Is x prime?
False
Let q(o) be the second derivative of -73*o**3/6 + 39*o**2/2 - 8*o + 5. Is q(-8) prime?
False
Let m = 3815 - 2420. Let b = m + -596. Is b a composite number?
True
Suppose 2*d - k - 111050 = 0, 4*d - 5261*k - 222092 = -5258*k. Is d prime?
True
Let d(t) = -396*t + 2. Let z be d(-10). Suppose -3*r - 4*r + z = 0. Let n = -333 + r. Is n a prime number?
True
Let n = -122 - -302. Is (-504)/n*(-1795)/2 a composite number?
True
Let y(a) = -35*a - 360. Let u be y(-10). Let t(r) = 83*r**2 - 4*r + 91. Is t(u) prime?
True
Let d = 32 - 29. Suppose 0 = -17*t - d*t + 59980. Is t composite?
False
Let g be (-7560284)/1332 - (1/9 + 0). Let l = 22171 + g. Is l prime?
False
Suppose -19*y + 23*y = 20. Suppose 0 = y*z + 3*k - 41422, 8287 = z - 14*k + 12*k. Is z prime?
False
Suppose -880149 = -5*a + v, -880153 = 62*a - 67*a + 2*v. Is a a prime number?
False
Suppose -5*n + 6878 = 2*s + 601, 2*n + 5*s = 2515. Is n a prime number?
False
Suppose -2*m + 5*u + 8691 = -19696, 71002 = 5*m - u. Suppose 4*n - 7685 - 6551 = -4*c, 3*n = 4*c - m. Is c a prime number?
False
Let m be 5/2*-2 - (8083 - -2). Is (m/40 - -3)/(1/(-52)) a prime number?
False
Let o(a) = 5931*a + 19. Let n be o(-4). Is (n/(-11))/(-4 - -5) prime?
False
Suppose 4*s - 70097 = -3*y, 0 = -4*y - 38*s + 40*s + 93448. Is y prime?
False
Let n(o) = -95*o**3 - 8*o**2 + 51*o + 431. Is n(-8) a prime number?
False
Suppose 8*c - 10*c - 8 = 0. Let r be 1 - -3*c/(-6). Suppose -5*b - 2*x = -1511, -3*b + 919 = -2*x - r*x. Is b prime?
False
Let m be 351/26*(-4)/(-3). Suppose m = 5*w + 4*w. Suppose 2*g = 4*b - 2118, -w*g - 2133 = -4*b + 3*g. Is b composite?
True
Let t = -308944 + 195344. Is 1 + 38/(-42) - t/105 a prime number?
False
Suppose -25*c + 29*c = -1896. Let h = 289 + c. Let t = h - -312. Is t a prime number?
True
Let v(n) = 5*n**2 - 9*n + 2. Let l be v(4). Suppose -3*h + 4*t = -85 + 6, 0 = 2*h - 4*t - l. Suppose -5*z = h - 98. Is z composite?
False
Suppose -g = 4*g. Let m be 2910/8 - (63/(-28))/(-3). Suppose g = 4*f - 161 - m. Is f a composite number?
False
Let z(q) = -q**2 - 14*q + 5. Let s(b) = b - 6. Let h be s(-8). Let n be z(h). Suppose n*u - 10025 = 740. Is u a prime number?
True
Let c be (-36)/(-42)*14/3. Suppose 3*g = 2*g + 2*w + 299, -4*w = c*g - 1244. Is g prime?
True
Let s(j) = -j**3 + j**2 - j + 494. Let c be s(0). Let m = -3042 - -5095. Let g = m - c. Is g a prime number?
True
Let y = -465359 - -917230. Is y prime?
False
Let i(r) be the second derivative of 128/3*r**3 + 5 + 2*r + 25/2*r**2. Is i(8) composite?
True
Suppose 20 = -4*y, 0*z = 3*z + 5*y - 179. Let b = -55 + z. Suppose 13855 = b*k - 8*k. Is k a composite number?
True
Let j be -1 + (42/7 - -4743). Suppose -14*p + j = -20760. Is p composite?
True
Suppose 2*t + 3*t + 80 = 0. Let r be t/(-56) + 32628/21. Suppose -5*f + r = f. Is f prime?
False
Let g = 33052 - -266601. Is g composite?
False
Suppose 21*g = 178790 - 63437. Is g composite?
True
Let m = 31 - 31. Suppose -5*y + 3*y = -5*c, m = -5*y + 5*c. Suppose 5*o - 6*o + 251 = y. Is o composite?
False
Let r(j) = -j**3 - 13*j**2 + 33*j + 43. Let u be r(-14). Suppose -225 = 5*h - 1975. Let c = u + h. Is c prime?
True
Suppose -3*a = -c - 6301, -432 - 3777 = -2*a - c. Suppose 22*g + a - 21616 = 0. Is g a prime number?
True
Let w(a) = 468*a - 31. Let m(n) = -935*n + 61. Let b(u) = 2*m(u) + 5*w(u). Is b(5) composite?
True
Suppose -63*m + 56*m = -417956. Suppose -2*y = -2*g + m, -g + 4